*a + 160. Give c(-25).
10
Let c(k) = -55*k + 724. Determine c(13).
9
Let o(f) = -f**2 - 36*f + 411. What is o(9)?
6
Let s(r) = -31*r**2 + 61*r - 59. Determine s(1).
-29
Let v(l) = l**3 + 17*l**2 - 40*l - 9. Calculate v(-19).
29
Let t(g) = -g**3 - 28*g**2 - 89*g - 30. Calculate t(-25).
320
Let u(i) = 370*i - 3273. Determine u(9).
57
Let t(s) = -40*s + 99. Calculate t(3).
-21
Let h(v) = -10*v**3 + 3*v**2 + v. Calculate h(-1).
12
Let g(k) = 28*k + 768. Calculate g(-35).
-212
Let j(y) = 3345*y - 76945. Determine j(23).
-10
Let q(c) = -3965*c + 27748. Give q(7).
-7
Let p(m) = -4*m**3 + 9*m**2 + 9*m - 5. What is p(3)?
-5
Let v(x) = 2*x**2 - 3358*x - 23595. Give v(-7).
9
Let d(v) = 8*v**3 + 2*v**2 + 143*v - 145. Calculate d(1).
8
Let d(n) = n**3 + 25*n**2 - 192*n - 110. Calculate d(-31).
76
Let x(t) = -t**2 + 162*t - 6163. Calculate x(60).
-43
Let u(c) = -4*c**3 - 12*c**2 + 10*c + 4. What is u(-5)?
154
Let b(j) = -9*j**2 - 311*j - 738. Calculate b(-32).
-2
Let i(z) = -2*z**3 - 9*z**2 - 108*z - 563. Determine i(-5).
2
Let x(c) = -c**3 - 18*c**2 + 2*c + 342. What is x(-17)?
19
Let m(t) = -6*t**3 + 2*t**2 - t - 239. Calculate m(0).
-239
Let u(f) = -7*f**2 - 5. Give u(0).
-5
Let f(m) = 10*m**2 - 271*m - 58. Calculate f(27).
-85
Let q(k) = -k**2 - 48*k - 495. Determine q(-15).
0
Let t(d) = 12*d**3 + 15*d**2 + 36*d + 137. Determine t(-4).
-535
Let n(h) = -2413*h - 24097. Determine n(-10).
33
Let n(r) = 79*r**3 - 3*r**2 + r + 3. What is n(-1)?
-80
Let q(u) = u**3 + 8*u**2 - 44*u + 29. What is q(-12)?
-19
Let h(r) = -2*r**3 + 95*r**2 + 81*r - 1587. Calculate h(48).
-3
Let w(n) = 3753*n**2 + 52540*n - 25. Determine w(-14).
3
Let x(v) = 35*v - 3175. Determine x(91).
10
Let b(c) = -5*c**2 - 2*c - 19. Determine b(-2).
-35
Let p(t) = 30*t - 149. Calculate p(3).
-59
Let m(x) = 4*x**2 + 554*x + 6038. What is m(-12)?
-34
Let k(s) = 2*s**2 + 30*s + 57. Give k(-23).
425
Let u(c) = -4*c**3 - 14*c**2 + 4*c + 30. Calculate u(-4).
46
Let b(o) = -2*o**2 - 142*o + 281. Give b(-73).
-11
Let m(d) = -d**3 + 23*d**2 + 101*d - 45. Determine m(27).
-234
Let l(c) = -59*c + 880. Give l(19).
-241
Let t(s) = 12*s - 1252. Give t(104).
-4
Let u(y) = y**2 + 23*y + 67. Determine u(-8).
-53
Let w(y) = 95*y - 734. Determine w(8).
26
Let o(c) = -c**3 + 30*c**2 - 60*c + 114. Calculate o(28).
2
Let f(u) = -11*u**2 + 410*u - 106. Calculate f(37).
5
Let r(o) = 2*o - 1. Calculate r(-4).
-9
Let z(g) = -144*g + 592. What is z(4)?
16
Let k(r) = -150*r + 626. What is k(4)?
26
Let l(p) = 6*p**2 - p + 11. Give l(-6).
233
Let p(l) = 3*l**2 - 84*l + 382. Calculate p(4).
94
Let v(j) = -j**2 + 8*j + 234. Determine v(19).
25
Let n(l) = -l**2 - 113*l - 3203. Give n(-56).
-11
Let z(v) = -v**3 + 26*v**2 + 27*v - 19. What is z(27)?
-19
Let i(f) = 141*f - 558. Calculate i(4).
6
Let d(r) = r**3 + 15*r**2 + 32*r + 144. Calculate d(-13).
66
Let b(d) = d**2 - 4*d - 101. Calculate b(11).
-24
Let d(s) = 2*s**2 + 67*s + 13. Give d(0).
13
Let o(z) = -z**2 + 20*z + 16. What is o(5)?
91
Let s(n) = -78*n - 394. Determine s(-3).
-160
Let y(k) = -21*k**2 + 40*k + 68. What is y(3)?
-1
Let s(k) = -k**2 - 44*k - 212. Calculate s(-14).
208
Let p(n) = -2*n**2 - 26*n + 1031. Give p(-30).
11
Let y(v) = 3*v**3 - 14*v**2 + 37*v - 11. Give y(2).
31
Let d(v) = -3*v**3 + 18*v**2 + 20*v - 117. Give d(6).
3
Let q(j) = 60*j + 924. What is q(-27)?
-696
Let f(x) = -2*x**2 + 79*x + 60. Calculate f(40).
20
Let b(c) = 16*c - 1465. Calculate b(91).
-9
Let q(j) = -87*j**3 + 85*j**2 + 88*j + 4. Calculate q(-1).
88
Let i(y) = y**2 + 74*y - 571. Determine i(7).
-4
Let j(k) = -k**3 - 56*k**2 + 54*k - 80. Give j(-57).
91
Let b(w) = -w**3 + 24*w**2 + 53*w - 31. Give b(26).
-5
Let v(y) = y**2 + 216*y + 4100. What is v(-21)?
5
Let r(g) = -17*g**3 - 5219*g**2 - 2*g - 607. Calculate r(-307).
7
Let d(b) = 160*b + 366. Give d(-2).
46
Let x(i) = -i**2 - 152*i - 5693. What is x(-67)?
2
Let s(v) = 5*v - 31. What is s(-14)?
-101
Let q(l) = l**3 - 10*l**2 - 5*l - 60. Calculate q(11).
6
Let u(s) = -203*s + 568. What is u(3)?
-41
Let y(o) = -2*o**2 + 300*o - 2053. Determine y(7).
-51
Let a(n) = -n**2 - 38*n - 331. Give a(-14).
5
Let f(r) = r**2 - 15*r - 1184. Give f(-28).
20
Let m(v) = -v**3 - 2*v**2 + 16*v + 47. Give m(-3).
8
Let w(p) = p**3 - 18*p**2 + 3*p - 60. What is w(19)?
358
Let h(p) = p**2 + 20*p + 14. Determine h(-24).
110
Let k(u) = -u**3 + 4*u**2 - 13*u + 81. Give k(6).
-69
Let p(d) = -2*d**3 - 176*d**2 - 344*d + 4. What is p(-86)?
4
Let r(n) = -n**3 - 51*n**2 - 51*n - 22. What is r(-50)?
28
Let f(g) = 2*g - 8. What is f(4)?
0
Let w(k) = -126*k - 405. Calculate w(-3).
-27
Let y(a) = -181*a + 1444. Calculate y(8).
-4
Let y(l) = l**3 - 20*l**2 + 29*l + 16. Calculate y(18).
-110
Let b(w) = 31*w - 115. Give b(6).
71
Let q(a) = -44*a**3 - a**2 - 3*a + 4. Give q(1).
-44
Let d(q) = -69*q**2 - 35*q - 5. What is d(-2)?
-211
Let p(q) = 2*q**3 + 40*q**2 + 97*q - 88. What is p(-17)?
-3
Let a(r) = r**2 - 5*r - 9. Determine a(7).
5
Let i(y) = 3*y - 116. Calculate i(-6).
-134
Let s(x) = 11*x**3 - 68*x**2 - 185*x - 3. Give s(-3).
-357
Let t(w) = -w**2 - 94*w + 558. Give t(6).
-42
Let a(o) = -o**3 + 35*o**2 - 39*o - 1691. Give a(32).
133
Let s(d) = d**3 - 102*d**2 - 96*d - 722. Calculate s(103).
-1
Let p(h) = 17*h**2 - 442*h + 8. Calculate p(26).
8
Let t(g) = 717*g + 7887. Give t(-11).
0
Let g(o) = o**3 + 25*o**2 + 18*o - 148. What is g(-24)?
-4
Let b(g) = -23*g - 862. Calculate b(-39).
35
Let b(y) = -679*y + 6123. Give b(9).
12
Let w(m) = -m**3 - 29*m**2 - 74*m + 107. Calculate w(-26).
3
Let b(w) = -50*w - 7370. What is b(-149)?
80
Let h(q) = 10*q**2 - q + 1. What is h(-1)?
12
Let r(o) = o**3 + 11*o**2 + 47*o + 263. Give r(-9).
2
Let b(r) = 2*r**3 + 20*r**2 + 19*r - 18. Determine b(-9).
-27
Let k(o) = -o**3 + 15*o**2 + 77*o - 30. Determine k(19).
-11
Let n(h) = 759*h + 9861. Calculate n(-13).
-6
Let p(x) = 3*x**2 - 4*x - 95. Give p(-7).
80
Let r(z) = z**3 - 7*z**2 + 44*z - 5. What is r(0)?
-5
Let d(x) = x**3 - 25*x**2 - 22*x - 104. What is d(26)?
0
Let q(i) = i**3 + 12*i**2 - 2*i - 225. Give q(-10).
-5
Let a(o) = o**2 + 151*o + 156. What is a(-1)?
6
Let d(f) = -22*f - 340. Determine d(-16).
12
Let q(a) = -a**3 + 95*a**2 + 88*a + 805. Calculate q(96).
37
Let x(r) = 13*r + 6. Calculate x(0).
6
Let d(j) = 60*j - 3818. Calculate d(63).
-38
Let y(x) = 1666*x + 6671. Determine y(-4).
7
Let v(x) = -7*x**3 + 45*x**2 + x - 20. Give v(6).
94
Let k(z) = -z**2 - 60*z - 800. Give k(-34).
84
Let y(c) = 58*c - 3607. Determine y(62).
-11
Let h(o) = -o**2 + 5719*o - 39984. Determine h(7).
0
Let d(z) = -2*z**2 - 49*z - 29. Give d(4).
-257
Let s(y) = -1109*y + 6666. Give s(6).
12
Let u(r) = 2*r**2 + 74*r + 304. Determine u(-30).
-116
Let h(p) = 9*p**3 - 12*p**2 + 32*p - 12. Give h(4).
500
Let g(f) = -2*f**3 - 13*f**2 - 25*f - 15. Calculate g(-3).
-3
Let j(s) = -s**2 - 11*s - 53. What is j(-9)?
-35
Let k(h) = -100*h**2 + 386*h - 386. Give k(1).
-100
Let t(s) = s**2 - 77*s - 7243. Give t(132).
17
Let v(x) = x**3 - 40*x**2 + 316*x + 81. Calculate v(29).
-6
Let j(i) = i**3 - 6*i**2 - 63*i - 3. What is j(-7)?
-199
Let x(t) = 33*t + 45. Calculate x(-7).
-186
Let i(t) = -5*t**2 + 714*t + 4337. Calculate i(-6).
-127
Let j(l) = 3*l**3 - 25*l**2 + l + 35. Determine j(8).
-21
Let r(o) = -52*o + 379. Calculate r(8).
-37
Let w(g) = -3*g**3 - 173*g**2 - 281*g - 47. Give w(-56).
9
Let h(l) = 5*l**2 + 41*l - 1. Give h(-8).
-9
Let g(p) = 13834*p - 55337. What is g(4)?
-1
Let o(r) = -r**3 - 8*r**2 + 13*r + 25. Determine o(-10).
95
Let b(u) = 17*u + 47. What is b(-6)?
-55
Let g(t) = -t**3 - 83*t**2 + 15303*t + 430. Calculate g(89).
-15
Let z(b) = 4*b**2 - 41*b + 1. Determine z(10).
-9
Let d(v) = v**3 + 14*v**2 - 23*v + 2. Determine d(-15).
122
Let i(r) = r**3 - 9*r**2 + 22*r - 88. What is i(8)?
24
Let g(m) = -42*m + 2080. Calculate g(49).
22
Let j(h) = 18*h - 825. Determine j(35).
-195
Let r(k) = -3478*k - 76520. Calculate r(-22).
-4
Let r(y) = 49*y - 1937. Give r(39).
-26
Let h(u) = 593*u - 3552. What is h(6)?
6
Let a(s) = 2*s**3 - 45*s**2 + 2*s - 27. What is a(22)?
-467
Let l(w) = -w**3 + 8*w**2 - 812*w + 4806. Calculate l(6).
6
Let b(d) = -2*d**2 - 21*d - 23. Calculate b(0).
-23
Let z(t) = 12*t**2 + 2220*t - 27. Give z(-185).
-27
Let b(y) = -274*y - 8513. Calculate b(-31).
-19
Let o(u) = 5*u**3 + 